 0*b - a = -2*b. Suppose 0*m - 5*m = b*p - 14, 5*m = -2*p + 16. Let o(n) = 4*n - 2. Determine o(p).
-10
Let t(z) = -15 - 9*z + 16 + z. Let y(o) = o. Let b(q) = t(q) + 6*y(q). Give b(8).
-15
Let l(h) = 3*h**3 - h**2. Let g be l(-1). Let r(a) = a**3 + 5*a**2 + 2*a - 3. Let k be r(g). Let s(v) = v**3 + v - 6 - k*v + 4*v + v**2. Give s(0).
-6
Let g(i) = i**3 + 4*i**2 - 10*i + 7. Let v be 30/10 + -6 - 2. Determine g(v).
32
Let j(d) be the second derivative of -d**4/12 - d**3/2 + 2*d**2 + 54*d. Calculate j(-4).
0
Suppose -a = -0*a + 9. Let u = 10 + a. Suppose 3*g - u = -7. Let s(w) = w**2 - w. What is s(g)?
6
Suppose 2*l - 3*y = -0*l + 15, 4*y + 4 = 0. Let d(b) = b**2 - 6*b + 2. Give d(l).
2
Suppose -5*l - 7 = 3. Let r be (2 - 3) + -2 + 6. Let i(z) = 4*z - 3*z**r + 3*z**2 + 44 + 2*z**3 - 42. Determine i(l).
14
Let x(l) = 2*l + 0 - 2*l**3 - 1 - 2*l**3. Suppose 0 = -5*s + 20, 4*s = -4*q - 7 + 47. Suppose 0 = 8*y - q - 2. Give x(y).
-3
Suppose -5*j + l + 64 = 0, -2*j - 4*l + 6 = -24. Let o = -8 + j. Let k(d) = -2*d - 5. Let h(u) = 12*u + 24. Let y(q) = 2*h(q) + 11*k(q). What is y(o)?
3
Let g be 1/(20/12 + -2). Let o = 1 - g. Let j be (-2 + o)*18/12. Let x(r) = -r**3 + 3*r**2 - 3*r - 4. Determine x(j).
-13
Let o(p) = -p**3 + 3*p**2 + p. Let c be ((5 - 4) + 6)/1. Suppose c*l - 2*l - 15 = 0. Determine o(l).
3
Let y(k) = 16*k**3 + k**2. Let x be y(1). Let s = -10 + x. Let t = s - 10. Let q(g) = g**3 + 2*g**2 - g - 1. What is q(t)?
-7
Let j(l) = -8 - 16*l + 29*l - l**2 + 16 - 14. Give j(12).
6
Suppose -1 = 14*w - 13*w. Let k(j) = j + 1. Calculate k(w).
0
Let z(p) = -29*p - 420. Let h be z(-15). Let l(b) = b**2 - 12*b - 37. Give l(h).
8
Let w(i) = 2 + 6*i - 10 - i. Let m(g) = 9*g - 15. Suppose -5 = 2*d + 3. Let u(o) = d*m(o) + 7*w(o). Give u(3).
1
Let h(o) = -o - o - 3*o**3 + 5*o**3 + 2*o**2 - 77 + 78. What is h(2)?
21
Suppose s - 5 = -o, 2*s = -5*o - s + 19. Let c(m) = 4 + 2*m + 2 + o*m + m**2. Determine c(-4).
6
Suppose 3*m - 5*b = 2 + 23, b = -3*m + 13. Let w(z) be the first derivative of 1/4*z**4 - 2*z**3 + 3*z**2 - 11 - 7*z. Determine w(m).
-2
Suppose 94*f - 98*f = -20. Let n(t) = 3*t - 21. Let m(s) = -s + 7. Let h(i) = -11*m(i) - 4*n(i). Determine h(f).
2
Let p(k) be the second derivative of k**4/6 - 5*k**3/2 + 4*k**2 - 276*k. Determine p(7).
1
Let j(a) be the first derivative of -a**4/4 + a**3/3 - a**2/2 - 10*a + 38. Suppose 3*c - 5*c = 0. Determine j(c).
-10
Let z(w) = -w**2 - 4*w + 4. Let y = 276 + -272. Calculate z(y).
-28
Let c be ((-9)/(-2))/(-1*(-5)/(-10)). Let g(l) = 5*l + 11. Determine g(c).
-34
Let d(t) = t**2 - 4*t - 3. Let s(h) = -4*h - 66. Let j be s(-16). What is d(j)?
9
Let n(x) = x**2 - 8*x + 9. Let v be n(2). Let o(u) = u + 7. Let l be o(v). Let k(m) = -m**2 + 2*m + 4. What is k(l)?
-4
Let u(q) be the third derivative of -q**6/360 + q**5/40 + q**4/24 + 7*q**3/3 - 13*q**2. Let i(w) be the first derivative of u(w). What is i(4)?
-3
Let d(b) = -18*b + 1 - 2 - 16*b + 16*b + 8*b. What is d(1)?
-11
Let h = 0 - -6. Let v(k) be the third derivative of k**4/8 - 2*k**3/3 + 276*k**2. What is v(h)?
14
Let v(m) = 7*m - 6. Let n(h) = h - 1. Let o be -1*(0 + 1)*1. Let z(y) = o*v(y) + 5*n(y). Give z(-7).
15
Let l be -3 + (-2 - -3)*10 + -3. Suppose -16 = l*i - 12. Let p(z) = 3*z**3 - z**2. Give p(i).
-4
Let a(h) be the third derivative of -h**4/8 - 4*h**3/3 - 126*h**2 - 2*h. Determine a(2).
-14
Let i(v) be the second derivative of 6*v**2 - 3/2*v**3 - 7/12*v**4 + 1/20*v**5 - 26*v + 0. Suppose 5*f - 24 = 2*f. Determine i(f).
4
Suppose -4*d = 57 - 33. Let b(q) = q**2 + 3*q - 5. Give b(d).
13
Let r(n) = 4*n**3 + 7*n**2 - 17*n - 12. Let s(b) = -b**3 + b**2 + 2*b - 1. Let a(h) = -r(h) - 3*s(h). Give a(-11).
15
Let m(q) = -q + 4. Suppose 2*n = 5*h + 12, 8*n - 6*n = -2*h + 12. Calculate m(n).
-2
Let n(k) = k**2 - 18*k + 9. Suppose u - h - 58 + 38 = 0, 3*u - 64 = 5*h. What is n(u)?
9
Let z(c) = c + 6. Let d = 5 - 9. Let j be (d + (-4)/(-1))*-1. Suppose j*y = -4*y - 32. Give z(y).
-2
Let u(j) = -2*j**2 + 0*j**2 + 6*j**2 + 2*j + 2*j**3. Let v be (-57)/(-38)*(-4)/3. Give u(v).
-4
Let g be 11 + 10 - (3 - 0). Suppose -3*j = 3*b, -4*b + 6*j = j - g. Let c(r) = -5 - 4*r**2 - r**3 - r**b + r - 3*r - 3*r. Calculate c(-4).
-1
Let t(n) = 12*n - 1. Let b(m) = 13*m - 1. Let f(r) = 5*b(r) - 6*t(r). What is f(1)?
-6
Let a(r) = -r**2 + r + 3. Let u(n) = n**3 + 5*n**2 + 2*n - 7. Let w(m) = 2*m**3 - 10*m**2 - m + 2. Let b be w(5). Let g be u(b). Calculate a(g).
-17
Let r(z) = -z**3 - 7*z**2 - 3*z. Let p be (1 - 19)/(1 + -3). Let g = 43 - 40. Let u = g - p. Determine r(u).
-18
Let z(d) = -4 + 1 - 2 + 1 + 0*d + 3*d. What is z(0)?
-4
Let x(m) = -3*m - 6. Let k(i) = 4*i + 9. Suppose b + 4*q = -4, -5*b - 9 = 4*q - 37. Let f(o) = b*x(o) + 5*k(o). Calculate f(-4).
13
Let n = -7 + 5. Let v(c) = -10*c - 5. Let m(u) = 1. Let x(f) = -6*m(f) - v(f). Give x(n).
-21
Let v(g) = -g**2 - 4*g - 10. Let s = -2160 - -2153. Determine v(s).
-31
Let s(o) = 12 + o**2 - 493*o - 2*o**2 + 479*o. Determine s(-15).
-3
Let z(m) = -m**3 - m**2 - 4*m + 1. Let d = -88 + 85. What is z(d)?
31
Let b(v) = 2*v**3 + 8*v**2 + 11*v + 10. Let t(p) = p**3 - p**2 - 1. Suppose w + 0 - 9 = -2*j, 0 = -4*w - 4*j + 20. Let l(s) = w*b(s) - t(s). Calculate l(-8).
-13
Let o(f) = -15*f - 13*f + f**3 + f**2 + 23*f - 5*f**2 - 7. What is o(5)?
-7
Let c(k) = 5*k**3 + 6*k**2 - 5*k - 24. Let x(h) = -4*h**3 - 6*h**2 + 6*h + 22. Let n(r) = 3*c(r) + 4*x(r). Determine n(-7).
2
Let v(p) be the second derivative of -1/20*p**5 + 1/2*p**4 + 0 + 1/2*p**2 - 2/3*p**3 - 25*p. What is v(5)?
6
Let h(d) be the third derivative of d**6/120 + d**5/15 - 5*d**4/24 + 5*d**3/6 - 8281*d**2. Let y = 0 - 5. What is h(y)?
5
Suppose 0 = 4*g - 27 + 3. Suppose -4*l + 3*i + 23 = 0, -l + 4*i - 8 = g*i. Let z(p) = 16 + p**3 - 23 + 0*p**3 - 7*p**l + 7*p. What is z(6)?
-1
Let h(x) = x**2 - 5*x - 1. Let z(g) = g - 4. Let r be z(8). Suppose -2*w - 24 = -5*w - 3*d, -27 = -r*w - 3*d. Calculate h(w).
-7
Let s(b) = 3*b + 7. Let p(v) = 8*v + 20. Suppose -2*h = -3*k - 0*k - 8, -3*k = -h + 13. Let l(t) = k*p(t) + 17*s(t). Calculate l(-4).
-13
Let f(a) = a**3 + 4*a**2 - 2*a - 2. Let i = -81 + 94. Suppose 5*r = -15, -g - r - i = g. Give f(g).
-17
Suppose -7*o - 2*r - 38 = -11*o, 17 = o - 3*r. Let t(b) = -6*b + 7. Let a(d) = d - 1. Let c(j) = -5*a(j) - t(j). What is c(o)?
6
Let i(f) = -5*f + f - 9 + 2*f + 3*f + 3*f**2 - 2*f**2. What is i(0)?
-9
Suppose 14*r - 10 = 18. Let b(w) = w + 7 + 5*w**2 - 6*w**r + 5*w - 3. Give b(6).
4
Let b(z) be the third derivative of -z**6/120 + 3*z**5/20 + z**4/24 - 2*z**3 - 635*z**2 + 2. What is b(9)?
-3
Suppose -3*y - 14 = 4. Suppose -5*c - 43 = -48. Let b(j) = j - c - 1 + j + 6. Determine b(y).
-8
Let a(v) = 18*v**3 - v**2 + 1. Let j(p) = -3*p**2 + 21*p + 7. Let i be j(9). Let x = 46 + i. What is a(x)?
-18
Let r = -392 - -392. Let c(p) be the third derivative of 3*p**2 - 1/24*p**4 + 0*p + 1/2*p**3 + r - 1/60*p**5. Give c(0).
3
Let y = 19 + -7. Let q be (-2)/8 + 63/y. Let r(k) = 0 + 5 + 3 + 0 - q*k - k**2. Calculate r(-6).
2
Let g(i) = i**3 - 8*i**2 - i - 2. Suppose 4*l + 22 - 54 = 0. What is g(l)?
-10
Let b(w) be the second derivative of -w**3/3 - w**2 + 3*w. Let d be b(-3). Let p(a) = -d + 15*a**2 + 17*a**2 - 31*a**2. Give p(3).
5
Let b(g) = -7*g + 11. Suppose -48*w - 21 = -165. Determine b(w).
-10
Let k(o) = 0*o**2 - 4*o**2 - o**3 + 5*o**2. What is k(1)?
0
Let y(l) = -2 - 3*l**3 + 5 - 2*l + 5*l**2 + 2*l**3 - 3*l. Suppose 2*k - 4*s - 12 = 0, 6*k = 4*k + 2*s + 10. Determine y(k).
-1
Let z(a) be the first derivative of a**2/2 - 17*a - 35. Let f = 45 + -45. What is z(f)?
-17
Let o = -4 + -10. Let r = 17 + o. Let m(z) = -2 - 4*z**2 + 2*z**2 + 5*z**3 - 7*z**r. Calculate m(-2).
6
Let h(k) = 4*k**2 + k - 1. Suppose 3*d - 2*f = 12, -3*d + 0*d + 12 = -f. Suppose 4*b + d*q = 2*q + 2, q = 3*b - 4. Give h(b).
4
Let z(p) be the second derivative of p**6/360 - p**5/30 + p**4/4 - p**3/3 - 4*p. Let l(f) be the second derivative of z(f). Let w = 49 - 45. What is l(w)?
6
Let u(k) = k**2 - k - 1. Let h be u(3). Suppose 2*v + 20 = 6*v. Let t(s) = s + 7 + v*s - 7*s**2 + s**3 + 0*s + 0*s. Determine t(h).
-13
Let t = 29 - 31. Let c(s) = 6*s**2 + 30*s - 9. Let m(g) = -g**2 - 6*g + 2. Let x(n) = t*c(n) - 11*m(n). Give x(7).
-11
Let j(h) = h**2 - 49*h + 138. Let v be j